15) to base 5
-21
What is 3c (base 13) in base 14?
39
What is -a7 (base 13) in base 11?
-115
Convert -4 (base 5) to base 8.
-4
What is 1100 (base 4) in base 16?
50
-6 (base 15) to base 3
-20
Convert 40 (base 9) to base 11.
33
What is -12 (base 8) in base 15?
-a
c (base 14) to base 6
20
Convert -6 (base 14) to base 10.
-6
What is -10022 (base 4) in base 8?
-412
What is 72 (base 12) in base 5?
321
-31 (base 9) to base 7
-40
Convert -4d (base 16) to base 13.
-5c
60 (base 12) to base 5
242
4 (base 11) to base 12
4
What is -2 (base 10) in base 2?
-10
What is -3 (base 11) in base 14?
-3
Convert -202 (base 4) to base 3.
-1021
What is 30 (base 16) in base 9?
53
-6 (base 10) to base 7
-6
4 (base 11) to base 15
4
Convert -22 (base 9) to base 5.
-40
What is -1222 (base 3) in base 12?
-45
What is -25 (base 11) in base 3?
-1000
Convert -10 (base 10) to base 15.
-a
-2 (base 16) to base 6
-2
-25 (base 10) to base 15
-1a
Convert -150 (base 12) to base 9.
-246
What is 0 (base 10) in base 14?
0
-101 (base 3) to base 16
-a
-83 (base 9) to base 16
-4b
What is 100 (base 2) in base 6?
4
2 (base 14) to base 13
2
-13b (base 12) to base 16
-bf
-144 (base 6) to base 11
-59
Convert 4 (base 14) to base 12.
4
Convert -18 (base 9) to base 8.
-21
100 (base 2) to base 11
4
-4 (base 15) to base 13
-4
What is 1 (base 7) in base 14?
1
5 (base 12) to base 10
5
What is -34 (base 6) in base 14?
-18
What is -3c (base 15) in base 16?
-39
Convert -42 (base 8) to base 5.
-114
-20 (base 6) to base 15
-c
What is -1 (base 14) in base 10?
-1
What is 25 (base 15) in base 6?
55
Convert -15 (base 14) to base 10.
-19
Convert -4 (base 15) to base 16.
-4
Convert -e (base 16) to base 14.
-10
-4 (base 10) to base 8
-4
What is 143 (base 5) in base 11?
44
-44 (base 9) to base 12
-34
-122 (base 3) to base 12
-15
-38 (base 11) to base 14
-2d
2 (base 16) to base 2
10
Convert -2 (base 14) to base 8.
-2
Convert 2 (base 10) to base 7.
2
Convert 23 (base 12) to base 8.
33
-1 (base 13) to base 4
-1
Convert 56 (base 11) to base 16.
3d
5 (base 11) to base 14
5
What is -1 (base 13) in base 16?
-1
What is -5 (base 7) in base 8?
-5
3 (base 12) to base 13
3
What is -4 (base 11) in base 2?
-100
What is 0 (base 16) in base 12?
0
5 (base 8) to base 3
12
Convert 2 (base 3) to base 11.
2
Convert 108 (base 10) to base 5.
413
-59 (base 10) to base 12
-4b
What is 3 (base 13) in base 9?
3
-12120 (base 3) to base 12
-106
Convert 100 (base 9) to base 5.
311
Convert -4 (base 7) to base 15.
-4
Convert -1 (base 12) to base 15.
-1
-1000010 (base 2) to base 8
-102
What is 20 (base 10) in base 3?
202
What is 4 (base 5) in base 10?
4
What is 100 (base 2) in base 13?
4
Convert 2102 (base 3) to base 15.
45
What is 11 (base 6) in base 2?
111
-58 (base 11) to base 3
-2100
Convert -10 (base 15) to base 11.
-14
What is 11 (base 2) in base 4?
3
Convert -2 (base 16) to base 14.
-2
What is -1 (base 10) in base 14?
-1
What is -11 (base 3) in base 12?
-4
What is 3 (base 16) in base 11?
3
6 (base 15) to base 2
110
What is -134 (base 5) in base 4?
-230
Convert -300 (base 4) to base 8.
-60
What is 3 (base 9) in base 7?
3
135 (base 9) to base 16
71
What is 12 (base 9) in base 7?
14
2 (base 13) to base 15
2
Convert 10 (base 13) to base 8.
15
Convert a9 (base 11) to base 4.
1313
Convert -174 (base 11) to base 13.
-127
What is -145 (base 10) in base 9?
-171
80 (base 12) to base 15
66
Convert 45 (base 13) to base 8.
71
Convert -10 (base 3) to base 8.
-3
4 (base 9) to base 2
100
1 (base 5) to base 2
1
Convert -a (base 11) to base 16.
-a
What is -3 (base 13) in base 8?
-3
What is -14 (base 14) in base 9?
-20
21 (base 5) to base 4
23
What is 303 (base 4) in base 12?
43
Convert 3 (base 8) to base 6.
3
What is 4 (base 8) in base 10?
4
What is 9 (base 11) in base 5?
14
-3 (base 11) to base 5
-3
What is 2 (base 12) in base 15?
2
120 (base 9) to base 12
83
1000011 (base 2) to base 16
43
-37 (base 8) to base 5
-111
Convert -1 (base 16) to base 9.
-1
What is 142 (base 5) in base 14?
35
What is 2 (base 13) in base 6?
2
Convert 110 (base 9) to base 13.
6c
Convert -1201 (base 4) to base 6.
-241
-11020 (base 3) to base 11
-a4
-10 (base 2) to base 13
-2
-3 (base 10) to base 16
-3
Convert 3 (base 5) to base 8.
3
4 (base 10) to base 6
4
-1b9 (base 14) to base 3
-111022
Convert -207 (base 12) to base 6.
-1211
2120 (base 3) to base 11
63
Convert 402 (base 6) to base 15.
9b
Convert 21 (base 3) to base 5.
12
-10101010 (base 2) to base 16
-aa
-1 (base 14) to base 2
-1
-2 (base 14) to base 13
-2
What is 17 (base 12) in base 10?
19
Convert -203 (base 5) to base 11.
-49
Convert 101 (base 13) to base 11.
145
500 (base 7) to base 11
203
What is -31 (base 9) in base 11?
-26
Convert 1 (base 13) to base 11.
1
Convert -110 (base 3) to base 16.
-c
Convert -1 (base 7) to base 6.
-1
Convert 1112 (base 3) to base 14.
2d
-8 (base 16) to base 4
-20
20 (base 13) to base 4
122
Convert 39 (base 13) to base 14.
36
What is 11 (base 11) in base 8?
14
Convert -5 (base 15) to base 11.
-5
1a (base 13) to base 8
27
What is -8 (base 14) in base 5?
-13
What is -22 (base 8) in base 2?
-10010
What is 7 (base 13) in base 14?
7
What is 69 (base 12) in base 2?
1010001
2010 (base 3) to base 8
71
-a (base 13) to base 9
-11
What is -1001100 (base 2) in base 16?
-4c
Convert 3 (base 13) to base 9.
3
-114 (base 6) to base 15
-31
What is 4 (base 11) in base 15?
4
2313 (base 4) to base 3
20210
What is -12 (base 11) in base 15?
-d
-102112 (base 3) to base 11
-263
5 (base 6) to base 3
12
Convert -2 (base 13) to base 16.
-2
Convert -11000 (base 2) to base 5.
-44
-12 (base 12) to base 9
-15
5b (base 12) to base 15
4b
Convert 1213 (base 5) to base 14.
d1
Convert 2 (base 9) to base 8.
2
Convert -554 (base 6) to base 15.
-e4
Convert -32 (base 5) to base 7.
-23
Convert -2 (base 4) to base 15.
-2
Convert 123 (base 6) to base 7.
102
20 (base 15) to base 8
36
What is 2 (base 9) in base 12?
2
What is 15 (base 6) in base 11?
10
3 (base 5) to base 14
3
Convert -5a (base 12) to base 5.
-240
Convert -22 (base 3) to base 6.
-12
What is -115 (base 8) in base 10?
-77
What is -104 (base 6) in base 9?
-44
0 (base 15) to base 12
0
0 (base 8) to base 15
0
-10 (base 2) to base 5
-2
What is 305 (base 9) in base 12?
188
What is 25 (base 14) in base 13?
27
Convert -34 (base 14) to base 11.
-42
What is 8 (base 15) in base 10?
8
What is -5 (base 15) in base 8?
-5
Convert -1 (base 16) to base 14.
-1
Convert 34 (base 9) to base 5.
111
Convert -14 (base 12) to base 3.
-121
Convert 2112 (base 4) to base 2.
10010110
-22 (base 4) to base 8
-12
Convert 2112 (base 3) to base 13.
53
What is 35 (base 10) in base 16?
23
1 (base 9) to base 11
1
Convert -3 (base 10) to base 8.
-3
Convert -b (base 13) to base 6.
-15
15 (base 15) to base 7
26
46 (base 9) to base 4
222
-2 (base 6) to base 14
-2
-148 (base 11) to base 4
-2231
32 (base 5) to base 7
23
What is 0 (base 15) in base 3?
0
What is -e5 (base 16) in base 6?
-1021
-213 (base 7) to base 11
-99
Convert -76 (base 12) to base 14.
-66
What is 1 (base 5) in base 7?
1
What is 45 (base 7) in base 15?
23
14 (base 13) to base 6
25
What is -201 (base 3) in base 15?
-14
What is 1 (base 3) in base 9?
1
Convert -1d (base 14) to base 7.
-36
Convert 100 (base 10) to base 4.
1210
What is -13 (base 7) in base 11?
-a
Convert 0 (base 7) to base 9.
0
Convert 22000 (base 3) to base 16.
d8
What is -210 (base 3) in base 13?
-18
What is 185 (base 10) in base 13?
113
Convert -132 (base 4) to base 11.
-28
Convert -21 (base 4) to base 7.
-12
Convert -101 (base 2) to base 15.
-5
-28 (base 12) to base 11
-2a
Convert -31 (base 4) to base 11.
-12
-8 (base 15) to base 6
-12
0 (base 15) to base 13
0
101 (base 2) to base 15
5
Convert -200 (base 3) to base 10.
-18
Convert 105 (base 6) to base 2.
101001
What is -1 (base 15) in base 14?
-1
-6 (base 15) to base 16
-6
-1 (base 14) to base 7
-1
What is -110 (base 2) in base 7?
-6
c7 (base 15) to base 2
10111011
-1a4 (base 12) to base 14
-152
-503 (base 7) to base 2
-11111000
Convert 8 (base 12) to base 11.
8
Convert -101 (base 11) to base 15.
-82
401 (base 7) to base 12
145
Convert 1101 (base 2) to base 4.
31
What is 11 (base 9) in base 10?
10
Convert 33 (base 4) to base 9.
16
Convert c (base 16) to base 9.
13
What is 126 (base 8) in base 5?
321
11 (base 3) to base 13
4
What is -51 